 the hundreds digit of 2376866?
8
What is the millions digit of 579841409?
9
What is the ten thousands digit of 1973176597?
7
What is the ten thousands digit of 37787574?
8
What is the hundreds digit of 1859061443?
4
What is the ten thousands digit of 277871292?
7
What is the hundreds digit of 435277460?
4
What is the billions digit of 1508312234?
1
What is the hundred millions digit of 4917069509?
9
What is the ten thousands digit of 74845571?
4
What is the ten thousands digit of 480109817?
0
What is the units digit of 5960445517?
7
What is the hundreds digit of 99859813?
8
What is the hundred thousands digit of 158796375?
7
What is the hundred thousands digit of 84818831?
8
What is the hundred millions digit of 129774687?
1
What is the hundreds digit of 3284289915?
9
What is the millions digit of 1167810273?
7
What is the ten thousands digit of 2338997?
3
What is the tens digit of 5255907246?
4
What is the units digit of 895876677?
7
What is the millions digit of 105907886?
5
What is the hundred thousands digit of 317854572?
8
What is the hundreds digit of 624114523?
5
What is the hundreds digit of 409602682?
6
What is the tens digit of 1253823321?
2
What is the tens digit of 347696192?
9
What is the tens digit of 409551416?
1
What is the hundreds digit of 2156153087?
0
What is the tens digit of 64100993?
9
What is the hundreds digit of 20882244?
2
What is the ten millions digit of 121687997?
2
What is the billions digit of 1025182501?
1
What is the ten millions digit of 1171504858?
7
What is the thousands digit of 169870248?
0
What is the hundreds digit of 134503753?
7
What is the tens digit of 582808150?
5
What is the thousands digit of 1690507419?
7
What is the hundred thousands digit of 105835298?
8
What is the hundreds digit of 1886394967?
9
What is the ten millions digit of 76446643?
7
What is the millions digit of 3735881389?
5
What is the ten millions digit of 229631652?
2
What is the hundred thousands digit of 36269884?
2
What is the units digit of 195688955?
5
What is the hundred thousands digit of 82083284?
0
What is the ten millions digit of 2698414484?
9
What is the hundred millions digit of 1712746864?
7
What is the units digit of 42515974?
4
What is the hundreds digit of 52945595?
5
What is the thousands digit of 99403600?
3
What is the hundreds digit of 4592058184?
1
What is the thousands digit of 20053724?
3
What is the hundreds digit of 508288618?
6
What is the hundred thousands digit of 6276280?
2
What is the units digit of 85619368?
8
What is the units digit of 95978433?
3
What is the ten millions digit of 466130140?
6
What is the ten millions digit of 52183644?
5
What is the tens digit of 19224919?
1
What is the hundred thousands digit of 1615861456?
8
What is the tens digit of 708118277?
7
What is the hundreds digit of 57646829?
8
What is the tens digit of 2591907236?
3
What is the ten millions digit of 43859370?
4
What is the hundred millions digit of 165748932?
1
What is the hundreds digit of 1567231782?
7
What is the thousands digit of 5258278981?
8
What is the tens digit of 109152313?
1
What is the thousands digit of 49509949?
9
What is the tens digit of 87382902?
0
What is the thousands digit of 8240567?
0
What is the ten millions digit of 628137922?
2
What is the hundreds digit of 257534530?
5
What is the millions digit of 11470702?
1
What is the ten millions digit of 70505837?
7
What is the ten millions digit of 88923476?
8
What is the thousands digit of 3920304802?
4
What is the ten millions digit of 487734772?
8
What is the billions digit of 7042753321?
7
What is the thousands digit of 9704888?
4
What is the units digit of 12894215?
5
What is the ten millions digit of 5127615427?
2
What is the hundreds digit of 94084317?
3
What is the hundreds digit of 41995413?
4
What is the millions digit of 506740741?
6
What is the ten millions digit of 953912371?
5
What is the thousands digit of 51533560?
3
What is the ten millions digit of 14684753?
1
What is the hundreds digit of 558331910?
9
What is the hundred thousands digit of 92868387?
8
What is the units digit of 131909915?
5
What is the ten millions digit of 7044756226?
4
What is the ten thousands digit of 333429418?
2
What is the tens digit of 75420437?
3
What is the hundred millions digit of 651932365?
6
What is the tens digit of 30746615?
1
What is the ten thousands digit of 193303578?
0
What is the ten thousands digit of 226204620?
0
What is the hundreds digit of 54171596?
5
What is the ten thousands digit of 1142599632?
9
What is the hundred millions digit of 1451564593?
4
What is the millions digit of 25044382?
5
What is the millions digit of 37928441?
7
What is the units digit of 312671863?
3
What is the ten millions digit of 756628170?
5
What is the ten thousands digit of 31932224?
3
What is the thousands digit of 66828883?
8
What is the thousands digit of 1212119729?
9
What is the hundreds digit of 80365709?
7
What is the hundreds digit of 90402704?
7
What is the hundreds digit of 563225285?
2
What is the hundreds digit of 5085768422?
4
What is the ten millions digit of 113705148?
1
What is the thousands digit of 3439025661?
5
What is the hundred thousands digit of 334180843?
1
What is the tens digit of 4396622486?
8
What is the ten thousands digit of 139414248?
1
What is the thousands digit of 59649534?
9
What is the ten millions digit of 819069416?
1
What is the hundred millions digit of 1250576209?
2
What is the hundred thousands digit of 85693069?
6
What is the millions digit of 49215902?
9
What is the hundred millions digit of 721910420?
7
What is the tens digit of 169024826?
2
What is the hundred thousands digit of 556150711?
1
What is the ten thousands digit of 6144584262?
8
What is the hundred thousands digit of 793431287?
4
What is the millions digit of 10048864?
0
What is the tens digit of 5795499?
9
What is the tens digit of 68725908?
0
What is the units digit of 1576133883?
3
What is the hundred thousands digit of 200676747?
6
What is the ten thousands digit of 473514398?
1
What is the ten millions digit of 268478423?
6
What is the hundred thousands digit of 54732941?
7
What is the ten thousands digit of 1524182098?
8
What is the units digit of 1297827500?
0
What is the ten thousands digit of 6621609?
2
What is the tens digit of 597043887?
8
What is the tens digit of 183621639?
3
What is the hundred thousands digit of 180942093?
9
What is the ten millions digit of 3424452711?
2
What is the ten millions digit of 231469806?
3
What is the tens digit of 14884321?
2
What is the units digit of 336243835?
5
What is the units digit of 222584813?
3
What is the ten millions digit of 487886054?
8
What is the units digit of 559204636?
6
What is the millions digit of 7813044?
7
What is the millions digit of 883531510?
3
What is the tens digit of 670623683?
8
What is the millions digit of 20596927?
0
What is the hundred millions digit of 1631676313?
6
What is the ten millions digit of 4024742911?
2
What is the ten millions digit of 78402473?
7
What is the millions digit of 224756812?
4
What is the ten thousands digit of 178520070?
2
What is the thousands digit of 305242686?
2
What is the hundreds digit of 1435415076?
0
What is the ten millions digit of 130917341?
3
What is the ten thousands digit of 178848751?
4
What is the tens digit of 7700652?
5
What is the hundred thousands digit of 5605008593?
0
What is the units digit of 757198329?
9
What is the hundred thousands digit of 1108572559?
5
What is the units digit of 1497281111?
1
What is the tens digit of 1401721157?
5
What is the hundreds digit of 419677935?
9
What is the thousands digit of 3433626593?
6
What is the hundreds digit of 67051962?
9
What is the thousands digit of 7779758?
9
What is the hundred thousands digit of 119346653?
3
What is the tens digit of 10974622?
2
What is the units digit of 4939611?
1
What is the ten thousands digit of 58951189?
5
What is the ten thousands digit of 68321009?
2
What is the ten thousands digit of 1287357377?
5
What is the thousands digit of 113302006?
2
What is the millions digit of 6916393?
6
What is the hundreds digit of 155901169?
1
What is the hundred millions digit of 4669085373?
6
What is the ten millions digit of 555771261?
5
What is the hundreds digi